))?
0
What is the value of -6 + 4 - (-1 + -2)?
1
-1 - (4 - 4 - (1 - 2))
-2
Evaluate -6 + (-5 - (-15 - -2)) + -4.
-2
Calculate (3 - (-4 + 8 + -3)) + -5.
-3
Calculate (-7 - -2 - -8) + -6 + -4.
-7
Evaluate 2 + 3 + -5 - -3.
3
Calculate 4 - -2 - (-12 + 13).
5
Calculate (21 - 14) + -10 + -1 + 2.
-2
Calculate (1 + 8 - 0) + -6.
3
Calculate -7 + -1 + 10 - (3 + -2).
1
-2 - (-2 - (0 - -2))
2
Evaluate 1 + -1 + -4 - (7 + -9).
-2
Calculate -3 + (3 - -12) - -1 - 6.
7
What is -10 - (1 - (10 + -4))?
-5
Evaluate 2 - (2 + (2 - 7)).
5
Calculate -16 + 2 + (-30 - -37).
-7
11 - (5 + 2) - (5 - 0)
-1
(3 - 10 - -12) + 2 + 0
7
Evaluate -3 - (3 - 0) - (-22 - -24).
-8
Evaluate -2 + 2 - (-9 + -9 + 22).
-4
What is (5 - -4) + -4 + -1?
4
Evaluate 1 + 4 - (11 - 9).
3
-4 - -1 - (3 - (-6 - -10))
-2
Evaluate 17 + (-7 - 1) + -7.
2
-1 + (5 - (6 - (-5 - -5)))
-2
Evaluate 2 + -1 - -3 - 3 - 7.
-6
Calculate -2 + (-2 - 2) + (-5 - -7).
-4
-25 - -25 - (0 - -3) - -1
-2
Evaluate (-3 - (-6 - 2)) + -1.
4
What is the value of -2 - ((-4 - -4) + 3)?
-5
-4 - 0 - 5 - (-4 + 0)
-5
0 + 4 + -6 + (-1 - 1)
-4
(-5 - -4) + 2 - (0 + -2)
3
What is 5 - 2 - 5 - -2?
0
What is the value of 110 - 115 - (-8 + (2 - 1))?
2
What is the value of 3 + -21 + 6 + 14?
2
Calculate (-43 - -50) + (1 - 0) - 4.
4
What is -4 + 6 + -10 + 14?
6
Calculate 2 + 0 + (-2 - (0 + -4)).
4
What is the value of (5 - (3 - 1)) + (10 - 20)?
-7
Evaluate -9 + (2 - 4) + 19.
8
What is the value of -7 - (3 - (-4 - -8) - 8)?
2
-2 + -1 + (-3 - (-7 + 3))
-2
Evaluate 8 - -1 - 4 - 6.
-1
3 - ((5 - 1) + (-15 - -17))
-3
What is 0 + 0 + 1 + 0 + 1?
2
Calculate -7 - (-3 + 9 + -14).
1
What is 2 - 2 - (-9 + 3) - 3?
3
What is the value of 6 - (-10 + 1 + 12)?
3
7 + -6 - (-1 + 0 + -5)
7
What is -1 + (-4 - -4) + -2 - -4?
1
What is the value of -2 - -1 - ((1 - -2) + 0)?
-4
Calculate (99 - 99) + -2 + 0 + -6.
-8
What is 1 + -22 + 18 + 7 + 2?
6
Evaluate -1 + 8 + 0 + -10 + 2.
-1
Calculate 10 + (-1 - 0) - 1.
8
What is 1 - (-1 + 2 + 1)?
-1
6 - 1 - 0 - (52 - 49)
2
-3 + -3 + (3 - (-1 - -3))
-5
-1 + 2 + -7 + 3
-3
Evaluate -5 + 10 + 0 + 0 + 3.
8
What is the value of 3 - ((-2 - (4 + -9)) + -1)?
1
What is (-2 - (8 - 17)) + 1?
8
(-1 + 3 + -12 - -4) + 3
-3
What is the value of 9 - (2 - 0 - (-3 - 0))?
4
-5 + (-2 + 15 - (-33 + 30))
11
((3 - 4) + -3 - 2) + 3
-3
What is -3 + (-2 - (3 + -9))?
1
Evaluate 1 + -2 + 0 + -2.
-3
Calculate 1 + 2 + (-15 - -9).
-3
Calculate (2 - (4 + -7 + 1)) + -5.
-1
What is 158 + -152 - (8 + 1)?
-3
What is -4 + (3 - (-1 + -1)) - -4?
5
What is the value of 3 + (14 + -18 - (2 - 0))?
-3
Evaluate -5 - (-5 + 8) - -4.
-4
What is the value of 3 - -1 - (4 - -4 - 4)?
0
Evaluate (-4 - -2 - (9 + -5)) + 1.
-5
What is the value of -2 + (10 + -4 - (-2 - -2))?
4
5 + (-4 - (-6 + 3))
4
Calculate 22 - 13 - (0 + 4).
5
What is (3 - (3 + -2)) + 3?
5
Calculate 1 + 7 - (2 + (-10 - -7)).
9
Evaluate 10 + -3 + 10 + -9.
8
What is the value of (5 - 18 - -6) + 9?
2
Calculate 5 - (11 - (5 + 2)).
1
Calculate 35 - 45 - (-1 + -2).
-7
Evaluate (10 - 5 - 10) + 4 - -1.
0
Calculate 109 + -113 + (-1 + -1 - 1).
-7
Evaluate -9 - -1 - (-21 + 7).
6
(0 - 4) + 3 + 3
2
3 - (1 - (-3 + (-5 - -8)))
2
(9 - 8) + (6 - 6)
1
Calculate 11 + -11 - 6 - -3.
-3
Calculate -31 + 25 - (-3 - (-2 - -4)).
-1
What is the value of -3 + (-12 - -5 - -17)?
7
What is -7 - (4 - (-4 - -13)) - 5?
-7
Evaluate (0 - (8 + -11)) + -4.
-1
Calculate 2 - -1 - (0 - (-6 - -3)).
0
Calculate (46 - 53) + -1 + 3 + 1.
-4
2 + (-3 + 2 - (-3 - -2))
2
Calculate -2 + 0 + 1 + 0 - -6.
5
What is the value of 5 + (14 + -10 - (5 + -1))?
5
Evaluate -40 + 38 + (3 - -2) - -5.
8
Evaluate -42 + 42 - (7 + -2).
-5
6 - 4 - (4 - (3 - 3))
-2
Calculate (1 - 5 - -3) + -4.
-5
What is (-2 - -2 - (-1 + 1)) + -1?
-1
0 + 1 - (-21 + 28)
-6
2 - (-7 + 7) - 3
-1
Calculate (7 - -3 - 17) + 9.
2
-6 - (-5 + -5 + 9)
-5
What is (5 - 1 - 5) + 6?
5
What is the value of 3 + (2 - 8) + -3 + 3?
-3
Calculate -4 + 1 + 2 + (14 - 11).
2
What is the value of 1 + -10 + 1 + -63 + 67?
-4
What is the value of (-1 - (8 + -4)) + 4 + 3?
2
Calculate 5 + -3 - -2 - 4.
0
Calculate 3 - (-2 + (4 - 4)).
5
7 + -1 + (-35 - -31) + -7
-5
Calculate 4 - (1 + (9 - 1)).
-5
What is the value of (0 - (2 - -1)) + 2?
-1
Evaluate -7 + 11 + -6 + -2.
-4
Evaluate (-2 + -2 - -6) + -5.
-3
Evaluate -4 + (18 - 6) + -3.
5
What is the value of -3 - (3 + -7 + 4 + -4)?
1
Calculate -12 - (-8 + 2 + -1).
-5
What is the value of -5 + 8 - (4 + 0)?
-1
What is 13 + -15 + (3 - 1 - 5)?
-5
3 + (6 - (8 + -5)) + -2
4
What is 3 - (23 - (-11 - -22))?
-9
Calculate -24 + 27 + -2 + 9.
10
Calculate 3 - (3 - (1 - 3)) - 2.
-4
What is the value of 15 + (5 - (-6 - -17))?
9
Evaluate 1 + -1 + 7 + -14.
-7
Evaluate 3 + -10 + 7 - (0 + -1).
1
What is the value of (-13 - -7 - -8) + (1 - 0)?
3
What is the value of (-20 - -8 - (0 - 6)) + 0?
-6
1 + (-7 - -10) - 4
0
What is 5 + (-1 - 2) + -6?
-4
Calculate (1 - 1) + (-4 - -5).
1
Evaluate 4 + -2 - (2 - 5 - -6).
-1
Evaluate -2 + (-1 - -2) + 0 + -1.
-2
What is the value of 2 + (-4 - -2) + 0 + -4?
-4
Evaluate -2 - 3 - (-8 - 4).
7
-7 + -4 + 12 + -4
-3
What is -3 + -2 + (-1 - -2 - -3)?
-1
Evaluate -1 - (-8 - -4 - -5) - 4.
-6
What is 5 - -1 - 8 - (-3 + 5)?
-4
(8 - 15) + (2 - -9)
4
What is 9 + 0 - (11 - (23 - 13))?
8
Evaluate -3 + (-7 - -13) + (-3 - 0).
0
-2 - (8 - 10 - -1)
-1
Evaluate 3 - (-6 + 7 + -4 + 6).
0
Calculate (-22 - -15) + 5 + (3 - 4).
-3
-1 - (-1 + (2 - (5 - 3)))
0
4 + 1 + (-6 - -5)
4
Evaluate (-2 - (0 + -6)) + (27 - 35).
-4
3 + 6 + -5 - 1
3
What is the value of (0 - -5) + -6 + -2?
-3
What is the value of -2 + (-8 - -7) + -5 + 0?
-8
Evaluate (-2 - -1) + 4 + (198 - 193).
8
What is 0 - 3 - (-1 + -6)?
4
Evaluate (-3 - -4) + (5 + -7 - 3).
-4
15 - (5 + (-8 - -3) + 7)
8
Evaluate -2 - (-11 - (-6 + 4)).
7
What is 6 + -1 - (5 + 4 + -4)?
0
What is the value of -4 - (2 + -6 + 3)?
-3
What is the value of 0 - (2 + (-10 + 1 - -3))?
4
What is the value of 0 + (2 - 7) - (39 + -40)?
-4
Evaluate -7 + -1 + 4 + 1.
-3
Calculate 7 + 0 + 21 + -30.
-2
What is -10 + -6 + 3 + 10?
-3
((-10 - 0) + 6 - -10) + 1
7
What is 10 + -18 + (4 - -3)?
-1
3 - (-4 + 1 + 5 + -7)
8
Evaluate -9 - (-13 - (-6 - 3)).
-5
What is 0 + 0 + (-9 - (-19 + 9))?
1
What is the value of -4 - (-8 + 1 + (0 - -4))?
-1
What is 0 + -5 + 2 + -2?
-5
What is 2 + (1 - 1) - (-35 - -42)?
-5
Calculate 1 - 0 - (12 + -26 + 10).
5
What is 0 + -1 + 1 + 0 + -3?
-3
(4 - 14) + (6 - (-7 - -8))
-5
Evaluate (-1 - 6) + (-8 - 3 - -10).
-8
Calculate (14 - 12) + -11 - -6.
-3
Calculate 3 + -10 - -1 - -10.
4
What is -5 + (3 - (-4 + 5))?
-3
Calculate 0 + 1 - (0 - -2).
-1
Calculate 3 + (-9 - -3) - -1.
-2
What is the value of 4 + 6 + 1 + -8?
3
What is (3 + 7 - 6) + 1 + -16?
-11
What is 5 - 4 - 5 - (1 - 0)?
-5
What is the value of 6 + 0 + -2 + 0 - 3?
1
What is (-8 + 6 - -5) + 3?
6
What is the value of (4 + 2 - (10 + 1)) + 2?
-3
Evaluate (-8 - -13 - (-3 - -4)) + -7.
-3
Evaluate 2 + -2 + 0 + 2 + 0.
2
Evaluate 1 - 0 - (-8 - (-2 - 7)).
0
(-3 - (4 - 11)) + -4
0
Evaluate 4 + (4 - 1) + -5.
2
-15 - (7 - (4 + 16))
-2
Evaluate -4 + (-1 - -4) + -6 + 0.
-7
Evaluate (-8 - 0) + 9 + (1 - 5).
-3
(6 - 0) + 2 + -13
-5
2 + -5 + -1 - (-6 - -2)
0
Calculate 19 + (1 - 11) - 17.
-8
What is (-1 - (4 - (3 - -3))) + -1?
0
What is the value of (1 - (-1 - -3)) + (-73 - -69)?
-5
What is the value of (8 - 11) + (0 - 0)?
-3
What is -5 - ((-12 - 1) + 26 + -23)?
5
What is the value of 14 - (22 + -12 + 2)?
2
Evaluate -3 - 2 - (2 + -9 - -2).
0
What is -3 + (-2 - (3 + -1 + -4))?
-3
Evaluate -4 - (1 - 2) - -1 - -4.
2
What is 7 + 5 + -6 + 2 - -2?
10
What is the value of -8 + 4 - (2 + -2 + -7)?
3
Calculate 67 + -66 - (1 - (4 + 0)).
4
Evaluate 0 + -6 - (22 + -30).
2
What is (1 - -1) + -2 + 1?
1
What is (0 - 0) + 1 + 0?
1
Evaluate 0 - (5 - ((2 - 0) + -1)).
-4
What is the value of -10 + 1 - (-31 - -27)?
-5
-3 + 8 + (0 - (-11 + 15))
1
What is -2 - (3 - 2) - (-3 + -1)?
1
What is the value of (32 - 26) + (-9 - 1)?
-4
What is 1 + 0 + -1 + 10 + -14?
-4
What is the value of (0 - (-3 - 2)) + 1 + -2?
4
1 + -6 - (-45 - -38)
2
6 + -1 - (-17 - -19)
3
What is the value of -6 + (0 - -5) + -3?
-4
What is the value of 1 + 1 - (-12 + 25)?
-11
Calculate 0 + (-3 - (-4 + 3)).
-2
What is the value of -6 - (7 + (0 - -1) + -9)?
-5
What is (-2 - -3 - 2) + 110 + -111?
-2
Evaluate -3 - 1 - (-5 - -5).
-4
What is the value of 2 + -3 + -10 + 5 + 2?
-4
(-3 - 1 